, 0 = r + 3*k - 11. Suppose -y + 5*q - 569 = -4*y, y - r*q = 175. What is the tens digit of y?
8
Let z be -3 + 3 + 4 + -3. Let p be 58 + z/3*3. Suppose 5*d - 154 = -p. What is the tens digit of d?
1
Suppose 8*i - 5*i + 1390 = 5*a, 5*i = -a + 250. What is the units digit of a?
5
Let v = 62 - -76. Suppose 0 = -p + 4*h + v, 4*p - 2*h = 53 + 457. What is the tens digit of p?
2
Let j(b) = -24*b - 9. Let p = -17 + 13. What is the tens digit of j(p)?
8
Suppose 0 = 18*r - 19*r - 2*o + 719, 2*o - 2165 = -3*r. What is the units digit of r?
3
Let v(j) be the third derivative of j**5/60 - j**4/24 - 2*j**3/3 - 3*j**2. Let h(d) = -d**3 + 3*d**2 - 6*d + 4. Let l be h(2). What is the units digit of v(l)?
6
Suppose -2*f - h + 2917 = 0, -f + 1113 + 362 = -5*h. Suppose 4*c = -c + f. What is the units digit of c?
2
What is the tens digit of 1/(6/9)*34700/30?
3
Let c be (-1 - -3)/((-2)/(-32)). Suppose 14*s + 8 + 90 = 0. Let o = c + s. What is the units digit of o?
5
Let w(o) = -2*o**3 + 14*o**2 - 10*o + 7. Let p be w(5). Let r = p + -25. What is the units digit of r?
2
Let b be (-4)/(-22) - (-9)/11. Let w(x) be the second derivative of 13*x**4/6 + x**3/6 - x. What is the tens digit of w(b)?
2
Suppose 21*s = 22*s - 7. Suppose s*v - 1183 = -0*v. What is the tens digit of v?
6
Let s(k) = -6*k - 4. Suppose 1 + 16 = o. Let i(l) = 18*l + 12. Let y(d) = o*s(d) + 6*i(d). What is the units digit of y(4)?
8
Let q(a) = 6*a + 472. What is the hundreds digit of q(0)?
4
Suppose -b = b + 12. What is the hundreds digit of (14/(-3) - b)/((-2)/(-360))?
2
Let z(r) = r**3 - 10*r**2 + 16*r - 7. What is the hundreds digit of z(11)?
2
Suppose 4*g - 24 = 4*j, 12 = 4*g - j - 21. Let u be 79/g - (-10)/45. Let z(c) = 7*c - 21. What is the units digit of z(u)?
2
Let r = -69 + 38. Let c be ((-108)/(-6))/(2 - 3). Let i = c - r. What is the tens digit of i?
1
Suppose 0 = -5*l + 4*d + 1212, 5*l - 1191 = -8*d + 5*d. What is the tens digit of l?
4
What is the tens digit of (-12)/(1/252*(-4)/2)?
1
Let w be (-1 + -2)/(-2 + (-20)/(-16)). Let g(b) = b**3 + b**2 - 7*b - 3. What is the tens digit of g(w)?
4
Let d(h) = 2 + 12*h**2 + 2 + 5*h + 0. Suppose 3*c + 5*w + 16 = 0, 0 = 5*c - w - 13 + 21. What is the units digit of d(c)?
2
Let c(p) = -9 - 33*p + 7 - 3 - 7*p. What is the tens digit of c(-2)?
7
Suppose -4*o + 2*v - 9 - 101 = 0, 0 = 3*o - 2*v + 80. What is the tens digit of (-640)/(-12)*o/(-8)?
0
Let z = 445 - 263. Let r = z + -138. What is the units digit of r?
4
Suppose -3*k = -301 + 25. Suppose 0 = -25*w + 29*w - k. What is the tens digit of w?
2
Let m be 99/36 + (-1)/(-4). Suppose 0*w - 4*g + 37 = m*w, 2*w + g = 18. What is the units digit of w?
7
Suppose -1958 = -7*g + 5*g. What is the tens digit of g?
7
Suppose -147*t + 241 = -145*t + 3*n, -5*t + 590 = -5*n. What is the hundreds digit of t?
1
Let l = -2133 - -3590. What is the thousands digit of l?
1
What is the tens digit of -75*((-26)/(-10))/(33/(-55))?
2
Suppose 5*q + 3 = 43. What is the units digit of 354/q - (-2)/(-8)?
4
Let s(u) = u + 11. Suppose 5*m = 4*m - 11. Let g be s(m). Suppose -2*z - 2*i = -58, g*z - 41 = -z - 5*i. What is the units digit of z?
6
Suppose -5*p + 11 + 4 = 0. Suppose p*v = 4*g - g + 315, -201 = -2*v - g. What is the units digit of v?
2
What is the hundreds digit of (-30)/25*(-20)/(-6) + 1225?
2
What is the thousands digit of (1351/7 - -2)*128/6?
4
Let r(g) = -70*g - 306. What is the tens digit of r(-11)?
6
Suppose -4*a - 435 = -9*a + 3*k, -a = -4*k - 70. What is the units digit of a?
0
Suppose 4 = u + 2*x - 7, -31 = -2*u + 5*x. Let r(z) = -z**3 + 13*z**2 + 5*z - 8. What is the units digit of r(u)?
7
Suppose -5*w + r + 609 = 0, -2*w + 0*w + 245 = r. Suppose -w + 40 = -2*k. Suppose -2*f - 115 = -5*a, a + 2*f = 6*f + k. What is the units digit of a?
1
Let y(t) = 6*t - 4. Let f be y(-2). What is the tens digit of 57 + 1 + f/4?
5
Suppose 0*r = 4*r + 16. Let d be 3/r - 310/(-8). Suppose 7*p = 192 - d. What is the units digit of p?
2
Let g(h) = -h + 6. Let v be g(-6). Suppose -4*m - v = 5*o, 3*m + 2*m + o = 6. Suppose 2*z = -m*z - 2*q + 24, 3*z + q - 18 = 0. What is the units digit of z?
6
Suppose 4*y = 3*w + 4 - 3, -4*y = 5*w + 23. What is the units digit of (-4 + 6)/y - -53?
2
Let c be 17/4 - 1/4. Suppose -c*v - 5*n + 49 = 7, 4*v - n = 54. Suppose -9*m = -v*m + 132. What is the units digit of m?
3
Let n(j) = -88*j**3 + j. Let b be 2/(-2 + -2 - -2). What is the tens digit of n(b)?
8
Suppose -2*k - 13 = -3*z, 10 = -3*k + 4*z - 7. What is the units digit of k?
1
Let w be 1*(-2)/(-4)*2. Let v be ((-2)/5)/(-1)*-15. What is the tens digit of (-10)/v*(w - -5)?
1
What is the hundreds digit of 1900 + 54/(-2 + -4)?
8
Let k be -2*(0 + -3 + 2). Let s be (-10)/(k*3/(-24)). What is the tens digit of s/15*(-42)/(-4)?
2
Suppose 36*d - 30*d - 8244 = 0. What is the tens digit of d?
7
Suppose 352*p - 41717 = 339*p. What is the hundreds digit of p?
2
Suppose -5115 = -9*s + 933. What is the units digit of s?
2
Let t(k) = 55*k**2 + 4*k + 4. Suppose 2*u - 8 = 4*u. Let g be t(u). What is the tens digit of g/24 + (-1)/6?
3
Let h = 2413 - 1505. What is the units digit of h?
8
Suppose -8*n + 190 + 42 = 0. Let o = n - -27. What is the tens digit of o?
5
Let o(k) = -k**2 - 5*k + 3. Let y be o(-4). Suppose 2*r - 20 = y*r. What is the units digit of (16 + -1)/(r + 5)?
5
Let x(m) = m**2 - 2*m + 37. What is the units digit of x(14)?
5
Let t(m) be the first derivative of -m**4/4 + 5*m**3/3 + 3*m**2/2 - 33. What is the tens digit of t(-3)?
6
Let r(h) = 6*h**3 - 6*h**3 + 2 - 8*h**3 + 2*h. Let c = -4 + 2. What is the units digit of r(c)?
2
Suppose n + 4 = 3*k - n, 0 = -k + n + 1. Let s = 26 + -55. What is the tens digit of -2 + 4 - k - s?
2
Let v(s) = -s - 2. Let n be v(3). Let l = 10 + n. Suppose -l*p + 48 = -p. What is the tens digit of p?
1
Let i(f) = -91*f**2 - f. Let c(h) = 272*h**2 + 4*h + 1. Let u(n) = -6*c(n) - 17*i(n). Let d be u(6). What is the tens digit of d/(-108) - (-2)/9?
2
Suppose 11 = -2*k + 1, -2*s = -4*k - 36. Let p be (14/s)/((-1)/(-52)). Let m = p + -58. What is the tens digit of m?
3
Suppose 57*w = 48*w + 9108. What is the thousands digit of w?
1
Let j be ((-26)/6)/(19/57). Let c = j + 39. What is the tens digit of c?
2
Suppose 0 = -16*a + 13*a + 12. Let y be 4 + ((-12)/a)/(-3). Suppose c - 4*z + y = -8*z, z - 18 = -3*c. What is the units digit of c?
7
Let c be (-2)/(-6) + 21/9*2. Suppose 25 = 5*g + 5*i, 0 = 2*i - 5*i. Suppose -28 = -q - c*n, 5*n = g + 20. What is the units digit of q?
3
Let x(i) = 14*i**2 + 8*i + 1. What is the tens digit of x(-7)?
3
Let r = -780 + 1323. What is the units digit of r?
3
Suppose 5*n + 2*p = 26880, 3*n + p - 14519 = 1610. What is the units digit of n?
8
Suppose 3*k + 14 = z - 18, 4*k + 27 = z. Suppose 0 = 5*t - 57 - 83. Let h = z - t. What is the tens digit of h?
1
Let n = 35 - 30. Let f(p) = 2*p**3 + 3*p**2 - 4*p + 5. Let x be f(n). Suppose -3*w = 2*w - x. What is the units digit of w?
2
Suppose -5*a - 200 = -5*r, -2*a - 110 = 5*r - r. Let c(o) = 6*o**2 + 3*o + 4. Let k be c(3). Let p = k + a. What is the units digit of p?
2
Let b(j) = j**2 + 6*j + 22. Let q = -21 - -55. Let t be q/(-3) + (-10)/(-30). What is the units digit of b(t)?
7
What is the hundreds digit of (-3)/(-36) - 328426/(-168)?
9
Let d(f) = f**2 - 6*f - 8. Let l be d(6). Let p be 6/l*-4 + -7. What is the tens digit of p/3*(-189)/18?
1
Let w(f) = 3*f - 18. Let y be w(-16). Let o = y - -42. What is the units digit of (-2)/(-3 + (-68)/o)?
2
Let c(h) = 10*h**3. Let b be c(-1). Let x = b - -42. What is the units digit of x?
2
Let s be (-11)/(55/(-3)) - (-6)/(-10). What is the units digit of (12/18)/(s + 2/9)?
3
Let u(k) = 4*k**2 - 20*k. What is the hundreds digit of u(19)?
0
Suppose 0 = -0*b - 4*b - 8. Let p be 13 - (-4 - -3)*b. Suppose 5*d + z - 13 = 0, 2*d + 0*d - 5*z + p = 0. What is the units digit of d?
2
Let w(v) = -2*v**2 + 5*v. Let q be w(3). What is the units digit of 4/(4/65) - q?
8
Suppose -8*q = -6*q - 5*d - 169, -4*q - 5*d = -323. Suppose 62 = -4*f + q. What is the units digit of f?
5
Let o(c) = -25*c + 63. What is the hundreds digit of o(-10)?
3
Let l = 19 - 17. Suppose 0 = 2*v - 3*g - 71 + 18, -l*g = -3*v + 92. What is the tens digit of v?
3
Let y = -648 - -1320. Suppose -10*b = -6*b - y. What is the units digit of b?
8
Let 